Let o = 16 + -12. Suppose -2*y + 6 = o. What is the units digit of y?
1
Suppose 20*q - 21*q + 2748 = -2*w, 2*w = 5*q - 13748. What is the thousands digit of q?
2
Let n(r) = 2*r**2 - 7*r - 36. What is the hundreds digit of n(-21)?
9
Let k(z) = -z + 4. Let l be k(2). Suppose 15 = l*s - 5. Suppose 2*q + s = 0, 31 = b - 2*q - 2. What is the tens digit of b?
2
Let b = 803 - 764. What is the units digit of b?
9
Let k be 4 - 2/(4/(-10)). Let u(l) = -6*l - 5*l + 2*l + 5 + l**3 - 8*l**2. What is the units digit of u(k)?
5
What is the hundreds digit of ((-60)/(-2))/((-30)/(-345))?
3
Let z(v) = 36*v**2 + 2*v. Suppose -11 = -3*p + 6*p + t, 5*p + 20 = -2*t. What is the tens digit of z(p)?
4
Let m(u) be the first derivative of 2*u**3/3 + 9*u**2/2 + 5*u - 21. What is the hundreds digit of m(-14)?
2
Let x(k) = -2*k**3 + 3*k**2 - 5*k - 10. What is the hundreds digit of x(-5)?
3
Let s = 34 + -28. Suppose -284 = 4*g - s*g. What is the tens digit of g?
4
Let w(l) = 12*l**2 + 45*l + 54. What is the tens digit of w(-16)?
0
Let f(x) = 35*x**2 - 8*x - 15. What is the hundreds digit of f(-3)?
3
Suppose -5 = -5*m, -u = 36*m - 35*m - 4046. What is the thousands digit of u?
4
What is the tens digit of (272/102)/((-2)/(-519))?
9
Suppose 9*r = -17*r + 7020. What is the hundreds digit of r?
2
Suppose -74 = -3*n - t - 0*t, 3*n - 62 = 5*t. What is the hundreds digit of (77/4)/(3/n)?
1
Let n(t) = 3*t**3 - 3*t**2 - 5*t**2 + 4*t**2 + 10 + 2*t**2. What is the tens digit of n(3)?
7
Suppose 5*h + 4*a - 15882 = 0, 36*a - 39*a - 12718 = -4*h. What is the hundreds digit of h?
1
Let x = -3 + 7. Let p be 65/(-7) + x/14. Let w = 16 + p. What is the units digit of w?
7
Suppose -18*h + 25149 = 5601. What is the thousands digit of h?
1
Suppose 6*i - 1615 - 41 = 0. What is the tens digit of i?
7
Let p = 185 - 139. What is the tens digit of p?
4
Let s(h) = 70*h**3 + h**2. Let l(t) = t - 4. Let a be l(5). What is the tens digit of s(a)?
7
Suppose 63*h - 7110 = 53*h. What is the hundreds digit of h?
7
Let g = 12 + -12. Let i = 9 - g. What is the units digit of i/(-2)*(-12)/9?
6
Let v(p) = p**3 - 8*p**2 + 7*p + 10. Let q be v(7). Let g be (-2)/((-6)/q + 1). Let j(b) = 2*b**2 + 3*b + 2. What is the tens digit of j(g)?
3
Let f(r) be the second derivative of r**4/12 - r**3/3 - 2*r**2 + 3*r. Let c be f(6). Suppose n - c = -4*n, 5*n = -4*j + 40. What is the units digit of j?
5
Let w(p) = -p**2 + 27*p - 77. What is the units digit of w(22)?
3
Let f(p) = -5*p. Let j be f(-1). Suppose j*q = -0*q + 1450. Suppose -6*w + q = -w. What is the units digit of w?
8
Let a(q) be the first derivative of 6 - 6*q**2 + 2*q - 1/3*q**3. What is the units digit of a(-12)?
2
Suppose 5*g - 2304 = 2*o, -3*g + 1371 = -15*o + 10*o. What is the units digit of g?
2
Let y = -460 + 1287. What is the units digit of y?
7
Let q be ((-2)/(-5))/(1/480). Suppose a - s = -3*s + 16, 0 = -2*a + 2*s + 2. Suppose 0*f = a*f - q. What is the units digit of f?
2
Let f be 3/3*(-118 - -3) - -4. What is the tens digit of -8*(-3)/(-18)*f?
4
Let f(i) = 7*i**2 - 3*i + 5. Let l = 27 - 28. Let r = 4 + l. What is the tens digit of f(r)?
5
What is the tens digit of (-4122)/(-30) + 65/25 + -2?
3
What is the hundreds digit of 16 - 13 - (-1 - 191)?
1
Let c be (-1)/(5/((-125)/5)). Suppose -f = -c*g + 2*f + 66, f + 27 = 2*g. What is the tens digit of g?
1
Suppose -2*z = -2*t - 12, 4*t = 2*z - 10 - 6. Suppose 136*v = 139*v - 27. Suppose v*b - 106 = -4*a + z*b, -2*b - 62 = -2*a. What is the tens digit of a?
2
Suppose 3*b - 4 = -2*i - 2*i, 5*i = -2*b - 9. Let a(d) = -17*d - 12 + 5*d**2 - 2*d**2 + 3. What is the tens digit of a(b)?
4
Let k = 2378 - 1637. What is the units digit of k?
1
Suppose 3*d + 2*v - 14 = 4*v, 2 = -d - v. Let y = 15 + -4. Suppose d*f - y = 17. What is the tens digit of f?
1
Let j(u) = -u**3 + 12*u**2 - 5*u + 24. Let b be j(10). Suppose 8 = 4*m, -3*t - m + 107 = -b. What is the units digit of t?
3
Suppose -3*t = 3*v - 843 - 378, 0 = 3*v. What is the units digit of t?
7
Suppose -1 = -2*j + 5. Suppose 6*w - 12 = j*w, -3*n - 5*w = -137. What is the tens digit of n?
3
Suppose 5*t = -759 + 2584. Suppose 0 = a + m - 130, -3*m + 5*m + t = 3*a. Let q = -66 + a. What is the tens digit of q?
5
Let r be (210/49 - 2) + 4/(-14). What is the tens digit of r/16 + ((-9185)/(-40))/11?
2
Let v(t) = t**2 - 7*t + 2. Let c be v(6). Let h be 4*c/8*-1. Suppose -h*f = -7 - 23. What is the units digit of f?
5
Let u = 1086 - 669. What is the units digit of u?
7
Suppose 5*w = -4*c + 3*w + 2, 5*w - 15 = 0. What is the units digit of (7 - -16)/(c + 2)?
3
Suppose 0 = -2*m - 0 + 4. What is the tens digit of (-12)/8*m + 97?
9
Suppose -7*g - 2*u + 924 = -3*g, -4*g - 5*u + 936 = 0. What is the units digit of g?
9
Let f(p) = 32*p**2 - 3*p + 4. Let n be f(1). Let y be 598/(-22) - (-8)/44. Let h = n - y. What is the units digit of h?
0
Let s = -124 + 256. Suppose -5*a + s = -a. Let p = 85 - a. What is the units digit of p?
2
Let x be 912/(-9) + 1/3. Let j = x + 244. What is the tens digit of j?
4
Let r = -4 + 12. Let f = -7 + r. What is the units digit of -4*f/(-2) + 15?
7
Let h = -9 - -11. Suppose -h*t + 4*t - 694 = -5*p, -t + 2 = 0. What is the units digit of (p/(-9))/((-2)/3)?
3
Let z be 1 + -2*(-3)/2. Suppose -5*n = -r - 18, 15 = z*n - 2*r + r. What is the units digit of n?
3
Let c(y) = -10 - 11*y**2 + 22*y + 16 + 3 - y**3. What is the units digit of c(-13)?
1
Let z be (36/30)/((-4)/(-10)). Let j = 1 + z. Suppose p - 6 = j. What is the tens digit of p?
1
Suppose 0 = -g - 4, -4*j - 2*g + g = -276. What is the tens digit of j?
7
Suppose 2*d - 6*d + 20 = 0. Let o = d - 2. Let y(n) = n**3 - 3*n - 3. What is the units digit of y(o)?
5
Let s(h) = 15*h**3 + 11*h**2 - 2*h - 20. What is the thousands digit of s(5)?
2
Let v(u) be the first derivative of u**2/2 + 13*u + 1. Let n(i) = -14*i**3 + 2*i + 1. Let h be n(-1). What is the units digit of v(h)?
6
Let w = 493 + 1371. What is the tens digit of w?
6
Let i(d) = 20*d + 31. Let w(c) = -60*c - 94. Let k(s) = -10*i(s) - 3*w(s). What is the units digit of k(-5)?
2
Let c(k) = -k**3 - 11*k**2 - 29*k + 2. Let t be c(-11). Suppose -4*h - 4*z + 232 = 0, 5*h + 2*z = -16 + t. What is the tens digit of h?
6
Let z be (-6144)/112*(-8 + 2/2). Suppose 5*p = 286 + z. What is the units digit of p?
4
Let a(v) = -v**3 + 13*v**2 - 10*v - 12. Let y(h) = h**2 + h. Let t be y(2). Suppose 48 = t*b - 2*b. What is the tens digit of a(b)?
1
Let n(x) = -2 + 10*x - x - 3*x. What is the units digit of n(11)?
4
Suppose q - 5*c - 33 = 0, 5*q - c - c - 96 = 0. Let a be (150/(-45))/(4/q). What is the units digit of 1 + (-6)/9*a?
1
Let s(g) = -12*g + 167. What is the tens digit of s(-43)?
8
Let i(j) = -j**3 - j**2 - 12. Let c be i(0). Let x be 2 - 0/(c/(-4)). Let z(h) = 5*h**2 + h + 1. What is the units digit of z(x)?
3
Let m be (-17)/(-5) - (-4)/(-10). Suppose 8*b + 5 = 3*b, -y - 5*b = m. Suppose 3*v - 31 = -d - v, -y*v - 12 = -2*d. What is the tens digit of d?
1
Suppose 5*k - 1327 = -0*l - 3*l, -4*k = 5*l - 1072. What is the hundreds digit of k?
2
Suppose -457*s + 13632 = -449*s. What is the units digit of s?
4
Suppose -5*a = -5*r + 20, -2*r - 2*r + a + 13 = 0. Suppose -4*b - 3*z = -2*z + 385, -r*b + 4*z - 284 = 0. Let t = -60 - b. What is the tens digit of t?
3
Suppose -5*y = -3*d + 1204, -3*d = -2*d - 5*y - 398. What is the hundreds digit of d?
4
Let v(f) = 7*f**3 - 11*f**2 + 6*f + 13. What is the hundreds digit of v(6)?
1
Suppose 5*y = 4459 + 1051. What is the hundreds digit of y?
1
Let h(a) = a**3 - a - 3. Let i be h(0). What is the units digit of ((0 + i)/(-3))/((-1)/(-177))?
7
Suppose -31*d + 243 = -67. What is the units digit of d?
0
Let o = 982 - 222. What is the units digit of o?
0
Let f = 87 + -80. Suppose 0 = -2*k + 2, -7*s + 2*s + 14 = 4*k. Suppose -s*q + 15 = -f. What is the units digit of q?
1
Suppose -10*l = -9*l - 14. Let s = l + -7. What is the units digit of 17/1 - (-5 + s)?
5
Let r(o) = 19*o**2 + o + 7. What is the tens digit of r(-2)?
8
Suppose 4*s - 3*v - 52 = -4*v, -2*s + 26 = 2*v. Suppose -s = 2*x - 3*y - 38, -21 = -3*x - y. What is the units digit of (x + -10)/(2/(-21))?
1
What is the tens digit of 1*-3*(-3227)/21 + -3?
5
Suppose -2284 = -4*o + 3*q - q, -5*o + 2846 = 2*q. What is the units digit of o?
0
Let r = -51 - -51. Let x(w) = -w*